{"id":448,"date":"2023-04-12T08:10:07","date_gmt":"2023-04-12T07:10:07","guid":{"rendered":"https:\/\/eudiakok.hu\/diakmunkak\/?page_id=448"},"modified":"2024-11-13T12:28:43","modified_gmt":"2024-11-13T11:28:43","slug":"kuldemeny-feldolgozo-bp-es-kornyeke","status":"publish","type":"page","link":"https:\/\/eudiakok.hu\/diakmunkak\/kuldemeny-feldolgozo-bp-es-kornyeke\/","title":{"rendered":"K\u00fcldem\u00e9ny feldolgoz\u00f3 BP \u00e9s k\u00f6rny\u00e9ke"},"content":{"rendered":"","protected":false},"excerpt":{"rendered":"","protected":false},"author":1,"featured_media":0,"parent":0,"menu_order":0,"comment_status":"closed","ping_status":"closed","template":"","meta":{"_acf_changed":false,"inline_featured_image":false,"footnotes":""},"class_list":["post-448","page","type-page","status-publish","hentry"],"acf":[],"_links":{"self":[{"href":"https:\/\/eudiakok.hu\/diakmunkak\/wp-json\/wp\/v2\/pages\/448","targetHints":{"allow":["GET"]}}],"collection":[{"href":"https:\/\/eudiakok.hu\/diakmunkak\/wp-json\/wp\/v2\/pages"}],"about":[{"href":"https:\/\/eudiakok.hu\/diakmunkak\/wp-json\/wp\/v2\/types\/page"}],"author":[{"embeddable":true,"href":"https:\/\/eudiakok.hu\/diakmunkak\/wp-json\/wp\/v2\/users\/1"}],"replies":[{"embeddable":true,"href":"https:\/\/eudiakok.hu\/diakmunkak\/wp-json\/wp\/v2\/comments?post=448"}],"version-history":[{"count":1,"href":"https:\/\/eudiakok.hu\/diakmunkak\/wp-json\/wp\/v2\/pages\/448\/revisions"}],"predecessor-version":[{"id":449,"href":"https:\/\/eudiakok.hu\/diakmunkak\/wp-json\/wp\/v2\/pages\/448\/revisions\/449"}],"wp:attachment":[{"href":"https:\/\/eudiakok.hu\/diakmunkak\/wp-json\/wp\/v2\/media?parent=448"}],"curies":[{"name":"wp","href":"https:\/\/api.w.org\/{rel}","templated":true}]}}